{"id":340,"date":"2015-06-19T21:47:40","date_gmt":"2015-06-19T12:47:40","guid":{"rendered":"http:\/\/travelsun.jp\/voyages-japon\/?page_id=340"},"modified":"2015-07-14T20:34:11","modified_gmt":"2015-07-14T11:34:11","slug":"a-savoir","status":"publish","type":"page","link":"https:\/\/travelsun.jp\/voyages-japon\/?page_id=340","title":{"rendered":"\u00c0 savoir"},"content":{"rendered":"<table style=\"height: 398px;\">\n<tbody>\n<tr>\n<td width=\"309\"><strong>D\u00e9calage Horaire\u00a0<\/strong><\/td>\n<td style=\"text-align: justify;\" width=\"309\">GMC\/UTC +9\u00a0: heures l\u2019\u00e9t\u00e9, +8 heures l\u2019hiver.<\/td>\n<\/tr>\n<tr>\n<td width=\"309\"><strong>Meilleures P\u00e9riodes<\/strong><\/td>\n<td width=\"309\">D\u2019Octobre jusqu\u2019\u00e0 Avril.<\/td>\n<\/tr>\n<tr>\n<td width=\"309\"><strong>Temps de vol depuis Tunis<\/strong><\/td>\n<td style=\"text-align: justify;\" width=\"309\">Il n\u2019y a pas un vol direct pour aller au Japon. Il faut faire une escale. Donc la dur\u00e9e de voyage \u00e7a d\u00e9pends du pays interm\u00e9diaire. Mais la dur\u00e9e maximum est de 20 heures.<\/td>\n<\/tr>\n<tr>\n<td width=\"309\"><strong>Electricit\u00e9\u00a0<\/strong><\/td>\n<td style=\"text-align: justify;\" width=\"309\">100V 50\/60 Hz* A, B *Japon oriental 50 Hz (Tokyo, Kawasaki, Sapporo, Yokohoma, Sendai); Japon occidental 60 Hz (Osaka, Kyoto, Nagoya, Hiroshima).<\/td>\n<\/tr>\n<tr>\n<td width=\"309\"><strong>Indicatif T\u00e9l\u00e9phonique<\/strong><\/td>\n<td width=\"309\">+81<\/td>\n<\/tr>\n<tr>\n<td width=\"309\"><strong>Office National du Tourisme Japonais<\/strong><\/td>\n<td width=\"309\">\u00a0(<a onclick=\"javascript:pageTracker._trackPageview('\/outgoing\/www.tourisme-japon.fr\/');\"  href=\"https:\/\/www.tourisme-japon.fr\/\">En Fran\u00e7ais <\/a>)<\/td>\n<\/tr>\n<\/tbody>\n<\/table>\n","protected":false},"excerpt":{"rendered":"<p>D\u00e9calage Horaire\u00a0 GMC\/UTC [&hellip;]<\/p>\n","protected":false},"author":1,"featured_media":0,"parent":0,"menu_order":0,"comment_status":"open","ping_status":"open","template":"","meta":{"footnotes":""},"class_list":["post-340","page","type-page","status-publish","hentry"],"aioseo_notices":[],"_links":{"self":[{"href":"https:\/\/travelsun.jp\/voyages-japon\/index.php?rest_route=\/wp\/v2\/pages\/340","targetHints":{"allow":["GET"]}}],"collection":[{"href":"https:\/\/travelsun.jp\/voyages-japon\/index.php?rest_route=\/wp\/v2\/pages"}],"about":[{"href":"https:\/\/travelsun.jp\/voyages-japon\/index.php?rest_route=\/wp\/v2\/types\/page"}],"author":[{"embeddable":true,"href":"https:\/\/travelsun.jp\/voyages-japon\/index.php?rest_route=\/wp\/v2\/users\/1"}],"replies":[{"embeddable":true,"href":"https:\/\/travelsun.jp\/voyages-japon\/index.php?rest_route=%2Fwp%2Fv2%2Fcomments&post=340"}],"version-history":[{"count":10,"href":"https:\/\/travelsun.jp\/voyages-japon\/index.php?rest_route=\/wp\/v2\/pages\/340\/revisions"}],"predecessor-version":[{"id":440,"href":"https:\/\/travelsun.jp\/voyages-japon\/index.php?rest_route=\/wp\/v2\/pages\/340\/revisions\/440"}],"wp:attachment":[{"href":"https:\/\/travelsun.jp\/voyages-japon\/index.php?rest_route=%2Fwp%2Fv2%2Fmedia&parent=340"}],"curies":[{"name":"wp","href":"https:\/\/api.w.org\/{rel}","templated":true}]}}